 1).
-4
What is -2 - -1 - (9 - (-4 - -1 - -12))?
-1
What is 4 - (1 + 14 + -10 + (-1 - -8))?
-8
What is -19 + 1 - (-17 - -8)?
-9
-2 - 13 - -10 - (0 - -2)
-7
What is the value of (1 - -20) + (-14 + 10 - -2) - -1?
20
-2 + 42 + (849 - 864)
25
What is the value of -14 + (1 - -12) - (-7 + 2 - 0)?
4
Evaluate -1 - (-13 + (1 - 1 - (-5 + -2))).
5
Calculate (7 - (-6 + 7)) + -1 + (-1 - 10).
-6
Evaluate 32 - (4 + 5) - 12.
11
What is -1 - 1 - (12 + -21) - 14?
-7
What is the value of -18 - (1 - (11 + -14 - 2))?
-24
Evaluate 11 - (14 + 7 - 14).
4
What is the value of (19 - 35) + -1 + 0 + 4?
-13
10 + -8 + 5 + 9 + 1
17
What is the value of -6 + -43 + (-24 - (6 - 40))?
-39
Evaluate 1 + (-10 - -5) + (4 - 1).
-1
(38 - 36) + (8 - 0) - 6
4
What is 248 + -247 + 10 + -1?
10
(-4 - 5) + 8 - -17 - 0
16
What is 1 - (-18 + (1 + -4 - (-5 - -4)))?
21
Evaluate -27 + 26 + -22 + 11.
-12
Calculate 4 + -15 + (17 - (-13 + 22)).
-3
-15 + 7 - (-6 - (2 + (-10 - -5)))
-5
Evaluate 156 - 172 - (-3 + -13).
0
What is 13 + -5 - 13 - (3 - -1)?
-9
What is the value of -37 + 39 + (0 - -1)?
3
What is 0 + 6 - (-11 + (11 - 8) + 6)?
8
What is the value of 13 + 1 - (169 + -157)?
2
Calculate -1 + -4 - (7 + -12) - 9.
-9
Calculate -6 + (-1 - 1) + 20 + -28 + 3.
-13
-13 + -1 + (15 - 4)
-3
What is (9 - (4 + -2 + -9)) + -11?
5
Evaluate (0 - -20) + (685 - 712).
-7
Calculate 9 - ((1 - -4) + -13 + -1).
18
(0 - 1) + -6 + 324 + -317
0
Evaluate (0 + -10 - (-15 - (-28 - -25))) + -1.
1
What is -23 + 14 + -16 + 17?
-8
(9 - 7) + -11 + (-1 - (10 + -32))
12
Calculate -8 + (-11 - -30) - 14.
-3
-26 - 6 - (-19 - -8 - (7 + -8))
-22
Evaluate (19 - 31) + 3 + -2.
-11
Calculate -22 - (-14 + 7 + (1 - 2)).
-14
4 + (22 - (0 + 33))
-7
What is the value of 25 - 6 - 17 - 18?
-16
Calculate (-1 - 24) + 43 - 24.
-6
Evaluate (15 - (-34 + 39)) + 9 + 0.
19
What is 8 - (28 + (-15 - -18))?
-23
Evaluate 1 + 2 - (4 + -11) - (-37 + 33).
14
Calculate (2 - 30) + (-46 - -67).
-7
Calculate (-15 - (-7 - 6)) + 8.
6
What is the value of -1 + -2 + 6 + -32 + 35 + -1?
5
What is 1 + 1 - (8 + (6 - 16) + -3)?
7
Evaluate (-12 - 3) + 9 - -12.
6
What is -18 - (-1 - (-8 - -10))?
-15
What is -9 + (6 - 0) - 1 - -1 - 21?
-24
(-2 - -3) + 2 + 1040 + -1054
-11
269 + -258 + -1 + -4 + 1
7
Evaluate (-20 + 53 - 21) + (0 + -1 - -4).
15
Evaluate 86 + -82 - (0 - -15).
-11
What is 5 + -6 + (4 + 7 - 26)?
-16
-8 + (10 - ((-14 + 8 - -6) + 37))
-35
Evaluate -47 + 20 + 16 - (-1 - 3).
-7
4 + -1 + -3 + (-6 + 14 - 0)
8
Calculate 5 + -7 + 21 + -22.
-3
Calculate -38 + 1 + -4 + 27.
-14
Evaluate 20 + -10 - 17 - -1 - -8.
2
Evaluate (84 - 92) + (-20 - -13).
-15
19 + (-1 - (-2 + 14)) - -14
20
Calculate (10 - 16) + 23 + -5.
12
What is the value of -3 - (4 + (0 - (-4 + 10))) - 1?
-2
Calculate (4 - (-6 - -4) - 14 - -2) + -24.
-30
What is the value of (-15 + 3 - -2 - (-32 + 30)) + 5?
-3
What is the value of -250 - -242 - (-16 + 0) - -6?
14
Calculate 8 + (10 + (8 - 13) - -8).
21
Calculate -18 + (11 + -6 - -9).
-4
Calculate 0 - (-16 + (19 - 9 - -3)).
3
(-4 - (2 + -3 + 35)) + 15
-23
What is (20 - -6) + (10 + -18 - -6)?
24
What is (35 - (19 - 0) - 22) + (-1 - 8)?
-15
-36 - (-6 + 7 + -11) - -6
-20
Calculate 18 - 3 - (-264 - -269).
10
Evaluate -27 + 24 - 8 - (1 - -2).
-14
(-10 - (-1 - 11) - (12 + -1)) + 25
16
Calculate (2 + 16 - 18) + 9 + (0 - 9).
0
What is -5 + -14 - (-7 - 12)?
0
What is the value of -5 + 1 + 9 - (5 - 0)?
0
Evaluate 1 - 0 - (-39 + 39) - (-3 + 5).
-1
Calculate -2 - (-15 + -3) - (29 - (24 - 0)).
11
What is the value of -23 + 28 + -18 + (3 - 3)?
-13
What is 808 + -819 - (2 + -1 + 2)?
-14
Calculate (-5 - -1) + 1 + 6 + (5 - -1).
9
What is 14 + -30 - (-15 - -16 - (-1 + 9))?
-9
-1 + -5 - ((-582 - -594) + -1 + -4)
-13
Calculate 5 + (-11 - (1 + (-7 + 7 - 1))).
-6
Calculate 9 + (4 - 4 - 6) + (-3 - -9).
9
What is -1 - (-2 + -9 + 27)?
-17
What is the value of -4 + -1 + (-15 - (19 + -15) - -43)?
19
What is -15 + 16 - (0 - (-5 + 7) - 11)?
14
What is -30 + 17 + 6 + (-6 - -3)?
-10
What is -6 + 1 + 0 + (-5 - -11) + -11?
-10
3 + 1 + -4 - (-2 - (-15 + 6))
-7
-39 - (19 + 13 - 49)
-22
What is 7 + 11 + -1 + -9 + -2?
6
1 + 7 + -16 + -7 + 10
-5
Evaluate (-1 - (4 - (1 + 1))) + 11 + -17.
-9
What is -10 - (-2 + -7) - (12 + 1) - -6?
-8
What is the value of 10 + 0 + (-299 - -299)?
10
Calculate -10 - (10 + -6 + -1 + (-18 - -20)).
-15
-20 + (20 - 3) + -10 + -1
-14
-19 + (36 - 22 - -13)
8
What is -54 - -54 - (-3 + 16)?
-13
What is the value of (8 + -35 - -22) + (-1 - 5)?
-11
47 + (4 - 7 - 18)
26
Calculate 1 - -9 - (-9 + 12) - 1.
6
5 + 4 + -4 - (-10 + 2)
13
Calculate (1 - (-1 - -9)) + (-1475 - -1461).
-21
What is the value of 3 - 16 - (17 - 34)?
4
Calculate 42 + (16 - 45) - -6.
19
Calculate (5 - -4 - (13 + -9)) + 9.
14
(70 - 84) + (1 - (-2 - 14))
3
Calculate 88 + -97 - (3 - (3 + -2)).
-11
Calculate -15 + -3 + -7 + 2 + 49.
26
What is the value of (-97 - -96) + (-1 - 4) - 1?
-7
Calculate 8 + 1 + (-93 + 39 - -36).
-9
What is the value of -1 - (-2 - 1) - (-8 + 2 + 9)?
-1
What is the value of 9 + -4 - (20 + -2)?
-13
Calculate (-5 - 0) + (-9 + 9 - (2 - -2)).
-9
Evaluate 12 - -1 - (-40 - -42).
11
24 + -1 + -2 - (4 + (-3 - 0))
20
What is -7 - -4 - (2 + 6)?
-11
What is -1 + (7 + -7 - 3)?
-4
27 + -38 + (14 - (-1 + 6)) - 13
-15
What is the value of 2 + -35 + (22 - 18) + 8 + 0?
-21
What is -30 - (-5 - (-14 - -8 - -5))?
-26
What is 0 + (0 - 2) + 3 + -64 + 67?
4
Calculate (-61 + 62 + (-9 - 0) - -2) + 33.
27
What is -8 - ((5 - -3 - (10 - 10)) + -20)?
4
What is the value of 4 - 2 - (-20 + 12)?
10
Evaluate (1 - -2) + -2 - (3 + 18 + -17).
-3
Calculate (-5 - (-8 + 3 + 0)) + (12 - 3).
9
Calculate (3 - 5 - -2 - -8) + 4 + 1.
13
What is -1 + 24 - ((-2 - -1) + 43 + -38)?
19
10 + -4 - 3 - -5 - (17 - 11)
2
What is 822 + -829 + 22 + 1 + (1 - 0)?
17
Calculate -10 + 19 + -1 + -13.
-5
Calculate -8 + -1 + 8 + -10 + 5.
-6
What is the value of -38 - (20 - (63 + 8))?
13
What is 4 + (-20 - (-51 - -33))?
2
6 - (6 + 6 + -1 + -18)
13
What is 1 + 7 + -114 + 106?
0
What is -10 + 11 + -11 + 15?
5
Calculate 5 - (-30 + (-14 - -25) - -15).
9
What is -9 + (-9 + -4 - -15)?
-7
Evaluate 1 - -32 - (12 - (-6 + 5)).
20
What is the value of 1444 + -1440 + 0 + -15 + 0?
-11
Calculate (-5 - (-15 + 11 - -8)) + -15.
-24
Evaluate (2 - 2 - -5) + (2 - (15 - 0)).
-8
Evaluate 1 + -8 + (109 - 100).
2
Calculate 4 + (-27 - -19) + (-2 - -1).
-5
What is -11 - ((-6 - (10 - 9)) + 0)?
-4
(2 - 8) + -15 + -7 + 54 + -6
20
Calculate (-12 - -12 - 2) + (2 - 9).
-9
Calculate (11 - 0) + -42 + (2 - -30).
1
Evaluate 18 - (9 - -3 - -11).
-5
Calculate (3 - -10) + -2 - -2 - (90 - 101).
24
What is 2 + -1 - (-3 + 1) - (121 - 117)?
-1
(24 - (-19 - -43)) + -12
-12
Evaluate -5 + 11 - 5 - 2 - (6 + 1).
-8
What is (6 - (-15 - -27)) + (-3 + -2 - -2)?
-9
What is 45 + -52 - (6 + -31)?
18
Calculate (9 - 0) + 14 + -22.
1
What is -30 - (-3 - 18 - -8)?
-17
What is the value of -3 + (-12 + 0 - -12)?
-3
What is the value of -28 - (-11 + 11 + -24)?
-4
Evaluate -17 - (5 + -14 - (2 + 0)).
-6
Calculate -2 + -17 - (-47 + 21).
7
-4 + 1 + 8 + 22 + -10
17
What is (-2 - 10) + (2 + 0 - 1)?
-11
What is the value of 0 + -44 - (335 - 343)?
-36
Calculate 0 - -27 - (23 - 1 - (46 - 30)).
21
Evaluate (4 - 1 - 7) + 34.
30
What is the value of -1 - (-12 + 7 + 5 + -5)?
4
Evaluate 22 + -26 + -28 + 52.
20
What is the value of (2 - (-9 + 7)) + -19?
-15
What is 1 - 3 - 0 - (9 + -10 - -11)?
-12
What is -2 + (8 - 21) + 1?
-14
Calculate -10 - (-10 + -17 + 61 + -14).
-30
Calculate -1 + -1 + 7 - (-30 + (-72 - -99)).
8
12 - ((12 - 12) + -3 - 15)
30
What is the value of 7 + -1 + (-2 + -12 - -13)?
5
3 + (13 - ((2 + -5 - -8) + -6))
17
16 + -18 + (-10 - -21) + (-2 - 0)
7
What is the value of (4 - (0 - (-1 + 1))) + -31 + 17?
-10
Calculate (1 - (-7 + 10 + -7)) + -16.
-11
What is 9 - (-22 + -34 + 65)?
0
Calculate -2 - (10 + (-11 - -3)).
-4
What is the value of -10 - 0 - (-101 + 96) - 4?
-9
Evaluate -16 + 7 - (2 - ((13 - 8) + -4)).
-10
-4 - 0 - (-12 + (3 + 4 - 1))
2
Evaluate 31 + -23 + (-4 - -12) - (1 - -1).
14
Calculate 29 - (-11 + 17 + -4).
27
Calculate (-5 - (2 + 0)) + (298 - 299).
-8
Calculate (-13 - -20) + -2 + (-4 - -2) + 6.
9
What is the value of (35 - 26) + -21 - 7?
-19
(-2 - (-6 - 3) - 7) + (-2 - 0)
-2
Calculate 16 + -14 + -3 - 16.
-17
What is (-21 - -13) + -3 + 22 - 3 - 17?
-9
Calculate 1 + -4 - (-8 + -67 + 43) - 0.
29
Calculate 1